 is divided by 13?
9
Suppose 97 = 5*z + 4*i, 2*z = 3*i - 0*i + 48. Let o = z + -15. Suppose 0 = -2*x + 46 - 2. What is the remainder when x is divided by o?
4
Suppose 11 + 17 = 7*g. Suppose -4*m + m + 3*a + 126 = 0, -g*m + a = -165. What is the remainder when m is divided by 11?
8
Suppose 4 + 52 = -2*w. Let t be (-7)/2 - (-2)/4. Calculate the remainder when (-632)/w - t/7 is divided by 12.
11
Suppose -4*u + 16 = 2*m, -2*m = -0*m + 2*u - 12. Suppose -m + 28 = 12*t. What is the remainder when 4 is divided by t?
0
Calculate the remainder when 132 is divided by (0 - 2) + (62 - (-5 - -10)).
22
Let a(o) = o**3 - 29*o**2 + 52*o + 65. Let m(b) = 6*b**2 + 1. Calculate the remainder when a(27) is divided by m(1).
4
Suppose -6*r + 204 = -816. Calculate the remainder when r is divided by 39.
14
Let v = 190 + -157. Calculate the remainder when 105 is divided by v.
6
Suppose -19 = -5*k + 101. What is the remainder when 34 is divided by k?
10
Suppose 0 = j + 4*j - 5*o - 60, -3*o = j. Let h be (-3 - 1) + (j - -11). Suppose h*s - 12*s - 112 = 0. Calculate the remainder when 109 is divided by s.
25
What is the remainder when ((-278)/2)/((-1)/2) is divided by 73?
59
Suppose 9*z - 162 = 468. What is the remainder when z is divided by 27?
16
Suppose -x = -4*z - 4*x + 400, 3*z + 3*x = 303. Suppose -j + 11 = -22. What is the remainder when z is divided by j?
31
Let d be (11 - -3)/(-2 - -1). Let y = d - -19. Suppose -v = y*v - 84. Calculate the remainder when 26 is divided by v.
12
Let l(u) = -4*u - 14. Let i = -41 - -23. Let p = -11 - i. What is the remainder when p is divided by l(-4)?
1
Let d(c) = 5*c**2 + 2*c + 2. Let b(y) = -y**2 + 2*y + 1. Let i(m) = 3*b(m) + d(m). Calculate the remainder when 42 is divided by i(-5).
12
What is the remainder when -3 + (40 - (-2)/(1 + 0)) is divided by ((-4)/(-6))/(16/216)?
3
Suppose 6 + 6 = -3*u. Let b be u/(-3)*(-63)/14. What is the remainder when (3/2)/(b/(-248)) is divided by 21?
20
Suppose -441 + 186 = -5*n + 5*c, -n + 2*c + 56 = 0. Suppose t - n = 5. What is the remainder when t is divided by 18?
15
Let f = 786 + -649. Calculate the remainder when f is divided by (28/(-5))/(3/(-15)).
25
Let w = 251 - 239. Calculate the remainder when w is divided by 2.
0
Let y(p) = p**3 + 2*p**2 - 2*p - 3. Let a be 0/(5 - 2) - -3. Let q = a + -2. Calculate the remainder when q is divided by y(-2).
0
Let v(p) = 12*p + 425. Suppose -3*d + d = -4*g - 96, 2*d - 112 = -4*g. Calculate the remainder when d is divided by v(-35).
2
Let f(h) = -2*h**2 - 8*h - 6. Let q(z) = -z**2 - 9*z - 5. Let k(i) = -4*f(i) + 5*q(i). What is the remainder when 62 is divided by k(5)?
8
Let r(o) = o**2 - 12*o - 22. What is the remainder when 23 is divided by r(14)?
5
Suppose -34 = -5*t + 2*t - 4*d, -4*t = -d - 77. Suppose 3*f = t + 21. Calculate the remainder when 64 is divided by f.
12
Suppose 27 - 100 = -p. Let z = -1670 + 1776. Let r = z - p. What is the remainder when r is divided by 17?
16
Suppose 5*i + 8 = -2. Calculate the remainder when 126 is divided by (-33 + 1)*(i - -1).
30
Let l be (3 + 2 + -4)/(3/(-276)). Suppose -5*f = 5*g + 295, -2*g + 1 = 9. Let m = f - l. Calculate the remainder when m is divided by 10.
7
Suppose -5*h + 144 - 339 = 0. Let m = h - -51. Calculate the remainder when 82 is divided by m.
10
Let p(y) = 3*y**3 - 7*y**2 + y - 14. What is the remainder when 508 is divided by p(3)?
4
Let f = -34 - -50. Let d be 2/(1*(-3)/(-6)). Suppose d*z - 116 = -0*z - u, -2*z + 4*u + 58 = 0. What is the remainder when z is divided by f?
13
Suppose 28*x = 27*x + 21. Suppose 3*u - x = -0*u. What is the remainder when 8 is divided by u?
1
What is the remainder when -9*(1/(-6))/((-1)/(-20)) is divided by 25?
5
Calculate the remainder when 0 + ((64*-1)/(-4) - -5) is divided by 11.
10
Let i(l) = l**3 - 11*l**2 + 11*l - 8. Calculate the remainder when i(14) is divided by 16.
14
Suppose 4*w - 464 = -4*q, 66*q = -w + 68*q + 116. What is the remainder when w is divided by 13?
12
Suppose 5*s = -3*j - 1, -s + 5 = -5*j - 6. Let r = 59 + -57. What is the remainder when r is divided by s?
0
Let n(k) = -54*k + 5. Let a be n(-1). Let p = a - 19. What is the remainder when 197 is divided by p?
37
Let g(a) = 2*a**2 + 10*a - 3. Suppose w = -8*w - 54. What is the remainder when 43 is divided by g(w)?
7
Suppose 0*i + 2*i = -4*a + 10, 2*a - 3 = i. What is the remainder when 40 is divided by (8 - 0)*a - (-7 - -9)?
12
Let y = -13 - -27. Let p = 31 - y. Let c = 131 + -66. What is the remainder when c is divided by p?
14
What is the remainder when 111 is divided by (-334)/(-21) + (-22)/(-231)?
15
Let t = 20 - 2. Suppose t + 36 = 2*f. Calculate the remainder when f is divided by 5 + (1 - 3) + 7.
7
Let z(m) = 6*m - 27. Let a be z(6). Calculate the remainder when a/(18/(-4)) - -24 is divided by 5.
2
Suppose -12 = -7*r + 2. Suppose 3*h - 5*c = 411, -137 = -h - 0*c + r*c. Calculate the remainder when h is divided by 2/(-8) - (-282)/8.
32
Let s(o) = -4*o + 18. Let l be s(4). Suppose l*m + 54 - 68 = 0. Calculate the remainder when 32 is divided by m.
4
Suppose 23*t - 428 = 78. Calculate the remainder when 658 is divided by t.
20
Let l(a) = 17*a - 7. Let r(q) = q**2 - 18*q + 20. Let t be r(17). Calculate the remainder when l(5) is divided by 14 + (t - (0 + 1)).
14
Let u = -133 - -1991. Suppose 17*x - u - 369 = 0. Calculate the remainder when x is divided by 66.
65
Calculate the remainder when 66 is divided by (-7 - -5)/((-1)/2).
2
Let q = -2 - 0. Let r(j) = -2*j - 4*j**3 + 2 + 2*j - j - 3*j**2 - 1. What is the remainder when r(q) is divided by 9?
5
Suppose -84 = -4*a + 92. Let t be (6 - 1)*(19 - 4). Suppose -2*h - t = -7*h. What is the remainder when a is divided by h?
14
Suppose 3*t + 2*b - 73 = 0, -5*t - b = -216 + 92. What is the remainder when 63 is divided by t?
13
Suppose 4*y - 70 = -y. Let l(c) = -c**3 + 9*c**2 - 13*c + 32. What is the remainder when l(7) is divided by y?
11
Suppose -20 = -2*q - x, -q = q + 4*x - 26. What is the remainder when 15 is divided by q?
6
Let a(c) = 4*c**2 + 10*c - 6. Let n be a(4). Calculate the remainder when n + 0 + (3 - (-2 - -5)) is divided by 50.
48
Let g(h) = -h**2 - 12*h + 17. Suppose 4 = -3*k - 4*z, -4*k - 12 = -8*k - z. Let y be (136/(-2))/k - -4. What is the remainder when 15 is divided by g(y)?
3
Suppose -3*s - 23 = 4*p - 80, -3*s - 51 = -2*p. What is the remainder when 125 is divided by p?
17
Suppose 2*k = -k. Let i be (-6)/(-15) - 5/((-100)/52). Suppose i*f - 60 = -k*f. Calculate the remainder when f is divided by 7.
6
What is the remainder when 347 is divided by 6 + (-100)/16 + 603/12?
47
Suppose -10*u + 28 = -12. What is the remainder when 67 is divided by u?
3
Let w(a) = 13*a - 162. What is the remainder when w(17) is divided by 34?
25
Let g = -104 + 109. What is the remainder when 258 is divided by g?
3
Calculate the remainder when (1 - 3) + 11 + -4 is divided by (-5 - -3)/(-1 - (-3)/9).
2
Suppose -161 = -2*n - i - 2*i, 5*n - 4*i = 437. What is the remainder when 593 is divided by n?
83
Let g = 465 - 448. Suppose -4*v - 317 = -5*u, 0*u + 2*u - v = 128. Calculate the remainder when u is divided by g.
14
Suppose i + 0*q - 12 = 4*q, 5*q = 0. Let b = -50 - -22. Let c = b - -70. Calculate the remainder when c is divided by i.
6
Let j = 40 - 41. Let u(m) = -6*m**3 + 2*m**2 + 2*m + 1. Let i = 49 - 30. Calculate the remainder when i is divided by u(j).
5
Let y(o) = 20*o - 5. Let m be y(6). Suppose g + 4*g = m. Let f(u) = -18*u - 85. Calculate the remainder when g is divided by f(-5).
3
Let i(m) = -m**3 - 18*m**2 - 16*m + 51. Let v be i(-17). Suppose v = h - 42. What is the remainder when h is divided by (1/3)/((-2)/(-78))?
11
Let q = 79 - 39. Suppose -43*a + 24 = -q*a. Calculate the remainder when 30 - (1*-2)/(-2) is divided by a.
5
Let y = -76 - -177. What is the remainder when y is divided by 30?
11
Suppose 11*l - 12*l - 156 = -q, -5*l = 10. Let c(t) = -t**2 - 7*t + 6. Calculate the remainder when q is divided by c(-6).
10
Let q(t) = 28*t + 16 + 16 - 30. Calculate the remainder when q(2) is divided by 15.
13
Let b(k) = k**3 + 29*k**2 - 30*k + 64. Calculate the remainder when b(-30) is divided by 22.
20
Suppose 1 + 5 = 2*b + 5*z, 2*b - 4*z + 12 = 0. Calculate the remainder when 27 is divided by (b/4 + 1)/(13/390).
12
Suppose z - 22 = -3*o, -3